2*n**2 - 2. Let k be 0 + -1*7 + -1. What are the prime factors of s(k)?
2, 3
List the prime factors of (-77)/(-2) - 2/4.
2, 19
Let j = 118 + -23. What are the prime factors of j?
5, 19
Let n be (-4)/14 - 468/(-21). Suppose -n = 2*b - 3*b. List the prime factors of b.
2, 11
Let m(f) = f**3 + 5*f**2 - 1. Suppose 4*c = -5*p + 17, p + 14 = 3*c + 5*p. What are the prime factors of m(c)?
11
Let z(l) = -l**3 - 4*l**2 + 3*l + 6. Let u be z(-7). Suppose u = 3*n - 5*a + 2*a, -24 = -n - 3*a. What are the prime factors of n?
3, 13
Let q be (-8)/(-36) - (-50)/18. Suppose -3*o + o + q*h = 16, -5*h + 23 = -3*o. Let j = o + 22. List the prime factors of j.
11
Let q(t) = -4*t - 5. Let z be q(-4). Let u = 53 - z. Suppose -5*m = 25, -u = 4*p - 8*p + 2*m. List the prime factors of p.
2
Suppose -1 = 2*j - 9. Let p = -10 - -25. Suppose -5*f = -y - f + p, -1 = y + j*f. List the prime factors of y.
7
Let z(j) = -5*j + 3*j + 3*j**2 - 2*j**2 + 5. List the prime factors of z(5).
2, 5
Let w = 100 + -37. Let s = w - 35. List the prime factors of s.
2, 7
Let s = 58 - -15. What are the prime factors of s?
73
Let f = -1 - 1. Let z be f/(-5) + (-47)/5. What are the prime factors of (-4)/(-6) - 75/z?
3
Suppose 7*q = 2*q + 10. Let a be (-1 - 11)*1/q. List the prime factors of (-3)/a + 7/2.
2
Suppose -5*f - 14 - 6 = 0, 0 = -2*l + f + 56. What are the prime factors of l?
2, 13
Let n = 2 + -3. Let w be -2 - ((n - -2) + -5). List the prime factors of (-4)/w*20/(-8).
5
Let r(s) = 2*s - 8. Suppose -2*h + 58 = 5*d, 3*d - h = 2 + 35. What are the prime factors of r(d)?
2
What are the prime factors of 410/(-15)*(-9)/6?
41
Let q(f) = 3*f**2 + 1. Let l = -4 + 6. List the prime factors of q(l).
13
Suppose 2*g - 7 = -0*g - b, 0 = -3*g + 5*b - 9. Let o(c) = -5*c - 1 - c - 1 + g*c**2. List the prime factors of o(5).
2, 3
What are the prime factors of ((-12)/(-16))/((-3)/(-8))?
2
Let x be -7*(-4 + 1 - -2). Let f = x + 0. Suppose 0 = -3*t + 2 + f. List the prime factors of t.
3
Let p be 26/4 - (-4)/(-8). Let w be (6/9)/((-2)/p). Let y = 0 - w. List the prime factors of y.
2
Let z be 1 + -1*12/1. Suppose -66 = 2*t - l - 25, -39 = 2*t - 3*l. Let i = z - t. What are the prime factors of i?
2, 5
Let s(p) = 3*p - 10. Suppose x + x = 4*h + 2, -2*x - 2*h = -26. Let i be s(x). Suppose -r + 2*r - i = 0. What are the prime factors of r?
17
Let m(h) = -h**2 + 1 - 2*h + 4*h**2 - h**2 + h**3. Let b be m(1). Suppose -3*d + 2*r + 25 = 0, d - b*d - 3*r = -1. What are the prime factors of d?
7
Let q(o) = o + 7. Let x be 2/4*(-72)/6. Let f(n) = -1. Let h(r) = x*f(r) - q(r). What are the prime factors of h(-3)?
2
Let f(y) = 2*y + 10. Let q be f(-9). Let k(o) = o**3 + 9*o**2 + 5*o - 11. What are the prime factors of k(q)?
13
Let z(a) = -a. Let g be z(0). Suppose -b = -4, 5*b = y - g*b + 17. What are the prime factors of y?
3
Suppose -4*a + 123 = -21. Suppose 3*k - 6*k = a. List the prime factors of (5/((-5)/k))/1.
2, 3
Suppose 0 = -p + 7 - 2. Suppose -52 = -p*o + 83. List the prime factors of o.
3
Suppose -2*h = -3*h - 5*l + 16, 2*h - 14 = -l. Suppose -y - 10 = -4*v, -4*v + h = 4*y - 7*y. What are the prime factors of v?
3
Let n = 14 + -12. List the prime factors of 1 - n - 2 - -11.
2
Let q(t) = 3*t**2 + 7 + t**2 - 3*t**2. Let m(g) = g**3 + 10*g**2 - g - 10. Let c be m(-10). List the prime factors of q(c).
7
What are the prime factors of (-42)/6*9/(-21)?
3
What are the prime factors of 66 - 3/((-3)/(-4))?
2, 31
Let i(q) = 4*q**2 - 2*q + 5. List the prime factors of i(-4).
7, 11
Let o = -5 - -13. What are the prime factors of o?
2
Let i be -2*1/(-4)*-6. Let l = i - -1. List the prime factors of 1*-12*1/l.
2, 3
Let s(j) = -15 - j**3 + 53 + 4*j**2 - 3*j**2. Let d be s(0). Suppose -11 = 3*z - d. What are the prime factors of z?
3
Let a be (-2)/(-6) - (-44)/3. Let j be 15*(2 - a/9). Suppose -j*h + 16 = 1. What are the prime factors of h?
3
What are the prime factors of ((-1)/3)/(1/(-738))?
2, 3, 41
Suppose 3 = u - 4*w, -3*u + 7*w + 9 = 2*w. Suppose -2*x + 4*i = -28, x - 59 = -u*x + 5*i. What are the prime factors of x?
2
Let p(q) = -2*q + 7. Let n be p(5). Let z be n - -2 - (-8)/(-4). Let f = z - -5. What are the prime factors of f?
2
Let w(f) = -f**3 + 14*f**2 - 12*f + 36. List the prime factors of w(13).
7
Let d = -20 - -33. List the prime factors of d.
13
Suppose -3 = 3*c + z - 13, 3*c - 12 = -3*z. Suppose 0*b + 4 = -b, 3*t - 13 = b. Let x = c + t. List the prime factors of x.
2, 3
Let f(n) = 3*n - 7. Let u be f(5). List the prime factors of (-4)/6*(-132)/u.
11
Let m(p) = 7*p**2 + p - 8. Let g(a) = -6*a**2 + 7. Let i(l) = 6*g(l) + 5*m(l). List the prime factors of i(5).
2
Let b = 30 + 22. What are the prime factors of b?
2, 13
Let g(u) = 41*u**2 - 1. Let i be g(-1). Let l be (3 - 4)*-3*2. Suppose l*h - i = h. List the prime factors of h.
2
Suppose 2*t - 16 - 4 = 0. Suppose 0 = -7*w + 2*w + t. Suppose -w*i + 31 = 3. What are the prime factors of i?
2, 7
Suppose 4*p + t = -2*t + 64, 0 = 5*p - 4*t - 80. List the prime factors of p.
2
Let d = -5 + 5. Suppose 2*r = g - 2*g + 22, -5*r - 4*g + 58 = d. What are the prime factors of r?
2, 5
Let n(v) = -v. Let p(b) = -b**2 - 2*b + 8. Let o(f) = 5*n(f) + p(f). List the prime factors of o(-7).
2
Suppose 2*n - 3*n = -2. Let j = 23 - n. What are the prime factors of j?
3, 7
Let w(u) = 8*u + 0 - 2 + 4 - 5*u. List the prime factors of w(3).
11
Let z(j) be the first derivative of -j**4/4 - 2*j**3 - j**2 + 6*j - 4. What are the prime factors of z(-6)?
2, 3
Suppose -2*u - 3*u = 30. List the prime factors of -4*(-3)/(-6)*u.
2, 3
Suppose 5 = 5*z, -4*u - 4*z + 8 = -0*u. Let p = 0 - u. What are the prime factors of p + 1 + 0 + 12?
2, 3
Suppose 2*v - o = 29, -5*o + 2 = 2*v - 33. Suppose 0 = -5*s + 2*j + v, -4*s + 4*j - 6*j = 6. Let l(m) = 5*m + 1. List the prime factors of l(s).
2, 3
Suppose 2*j = 3*j - 61. List the prime factors of j.
61
Suppose -2*h + 2 = 0, 5*w - 465 = 6*h - h. What are the prime factors of w?
2, 47
Suppose 0 = -2*r - 5*x - 4 + 12, -8 = -2*r + x. Suppose 3*u = u + r. Let m(z) = -z**3 + 4*z**2 - 4*z + 2. What are the prime factors of m(u)?
2
Suppose 9*r = -0*r + 198. What are the prime factors of r?
2, 11
Suppose 2*z - 1 = 5. Suppose w + 4*h - 33 = 0, -h + 59 = z*w + h. List the prime factors of w.
17
Let x be (25 - (-1)/1)/2. Suppose -63 = -4*y + x. What are the prime factors of y?
19
Let d(z) = -5*z**2 - 2*z - 2. Let f be d(-4). Let i = f + 119. What are the prime factors of i?
3, 5
Suppose 3*a - 16 = 4*a. Let l(x) = 7*x + 2. Let j be l(-2). What are the prime factors of j/(-30) - a/10?
2
Let k be 86/2 + (-2)/(-1). Suppose 0 = -2*g + l + 116, 4*l - 366 = -5*g - 50. Suppose 0 = -4*n - 5*v + g, -4*n + k = -n - v. List the prime factors of n.
3, 5
Let o(f) = f**2 - 6. List the prime factors of o(7).
43
Suppose -3*u + 2*m - 4 = -5, 5*u = 5*m + 10. Let k = 3 + u. Suppose k = -4*s - 6 + 26. List the prime factors of s.
5
Let p = 4 - 0. Let q = p - -5. What are the prime factors of 1*q + (-2)/2?
2
Let s(l) = -23*l**2 - 2*l + 2. Let f(c) = -11*c**2 - c + 1. Let k(t) = -13*f(t) + 6*s(t). List the prime factors of k(1).
5
List the prime factors of 2/((-2)/(-35)) + 0.
5, 7
Let a = 2 + 0. Let v be -4 + 6 - a/(-2). Suppose -28 = -2*i - 2*i - 4*s, -v*s + 15 = i. List the prime factors of i.
3
Let t(j) = 87*j**2 + 2*j + 1. What are the prime factors of t(-1)?
2, 43
Suppose 2*m = -2, 3*l + 2*m - 29 = m. Suppose -7*y = -2*y - l. List the prime factors of 10 - y - 0/(-3).
2
What are the prime factors of 6045/60 - (-2)/8?
101
Let s(m) = 9*m**2 + 13 - 5*m + 2*m**3 - 4*m - m**3. Let i be (3 - 0)/(9/(-30)). List the prime factors of s(i).
3
Suppose -25 = -5*d - 5, 2*d = -5*z + 8. Suppose 4*m = 2*i - 44, 4*m - 12 = -2*i - z. What are the prime factors of i?
2, 7
Let b = -10 + 10. Suppose -2*p + 0*p + 32 = b. What are the prime factors of p?
2
Suppose 4*b - 13 = -d - 0*b, 0 = 4*d + 5*b - 8. Let c be (d/4)/((-4)/64). What are the prime factors of c*(6/(-4) + 2)?
2, 3
Suppose -q = 4*q - 20. Suppose 0 = -b + q - 0. Suppose -b*z = -3*z - 2. List the prime factors of z.
2
Let n = -36 + 93. Let o = n + -31. What are the prime factors of o?
2, 13
Let x(y) = -y**3 - 8*y**2 + y - 18. List the prime factors of x(-9).
2, 3
Let y be (2 - 1) + 0 + 13. Let r be (-106)/9 - 2/9. What are the prime facto